ert 11012212111011 (base 3) to base 8.
10431425
-5306 (base 13) to base 4
-2303222
-2207843 (base 9) to base 16
-121bd2
-52c1da (base 14) to base 3
-12021012212121
What is 35cce (base 15) in base 11?
107a60
What is 100100100001011010100 (base 2) in base 8?
4441324
What is -5167370 (base 8) in base 6?
-45223212
Convert 13025021 (base 6) to base 3.
210112001111
Convert -101221201210 (base 3) to base 4.
-310220211
What is 8b038 (base 14) in base 4?
1102122122
-5000304 (base 7) to base 10
-588396
Convert -23031332101 (base 4) to base 10.
-2940817
Convert 147247 (base 9) to base 13.
32314
What is -1635c5 (base 14) in base 7?
-6416235
What is -25b404 (base 12) in base 5?
-124332212
-31836b (base 14) to base 15
-23124d
What is 21555 (base 11) in base 8?
75056
What is 220221202 (base 4) in base 5?
20311443
c559a6 (base 13) to base 3
22200021001102
What is 130012130121 (base 4) in base 14?
d9a7b3
Convert -169335 (base 13) to base 16.
-89727
Convert 11010013033 (base 4) to base 13.
376357
Convert -23010112012 (base 4) to base 16.
-2c4586
210321021300 (base 4) to base 7
145130103
Convert 200512 (base 11) to base 7.
2512606
What is 40a5729 (base 11) in base 4?
123213213323
-67273 (base 9) to base 2
-1010111010011001
What is 120010020020 (base 3) in base 14?
7a652
What is 1110221021 (base 3) in base 14?
a877
Convert -186759 (base 12) to base 7.
-3423315
Convert 211011001202 (base 3) to base 2.
1101010011100010101
What is 10302132130 (base 4) in base 8?
4623634
143414022 (base 6) to base 7
34160330
1000001001010110010 (base 2) to base 6
5415442
What is 12011021212 (base 3) in base 14?
29011
259a11 (base 11) to base 6
12431124
Convert 10110200120220 (base 3) to base 5.
433002240
Convert 287122 (base 9) to base 14.
480c6
What is 1110000001111011 (base 2) in base 12?
2930b
8888865 (base 9) to base 4
102033231203
What is 250722 (base 8) in base 4?
111013102
What is 65949 (base 13) in base 4?
230321331
196aa68 (base 13) to base 2
11111111001111000100110
What is 2452061 (base 8) in base 10?
676913
-5610551 (base 7) to base 12
-2943b5
10332232332 (base 4) to base 15
1abc59
What is 210067 (base 8) in base 3?
10112121000
What is 50562452 (base 8) in base 6?
1020451334
What is -1010000101010111 (base 2) in base 5?
-2310203
103610 (base 9) to base 11
4241a
Convert a2a7c (base 14) to base 9.
656302
What is 1a057a (base 13) in base 10?
657849
What is 145443 (base 9) in base 10?
89301
-2d8aa2 (base 15) to base 10
-2206277
-316b9e (base 16) to base 11
-1912407
Convert -605a (base 14) to base 16.
-40a0
What is -101222011110 (base 3) in base 11?
-138237
What is -314a5 (base 11) in base 6?
-552141
What is 84471 (base 12) in base 7?
1321501
-23031361 (base 7) to base 16
-1ea2d9
-382052 (base 15) to base 3
-12001122220212
Convert -2223113202 (base 4) to base 3.
-1022122212010
Convert -24102044 (base 7) to base 8.
-10112247
Convert 1020423 (base 6) to base 15.
e98c
Convert -c149 (base 13) to base 7.
-140351
Convert -215464 (base 10) to base 14.
-58744
-1111001100011 (base 3) to base 9
-1431304
Convert 40051011 (base 6) to base 12.
463a67
-97747 (base 14) to base 6
-11504123
What is 858b45 (base 12) in base 5?
1020003142
Convert 100110000011111111101 (base 2) to base 11.
782075
-102120202021021 (base 3) to base 10
-6155872
Convert 618548 (base 14) to base 6.
154251512
Convert 11201200201211 (base 3) to base 10.
2513398
c6ca3c (base 15) to base 13
1c6259a
-112112102 (base 3) to base 2
-10100101100011
Convert -101340402 (base 6) to base 9.
-3264272
Convert -65797a (base 11) to base 5.
-232100004
-113333301 (base 4) to base 5
-11121124
-31011 (base 4) to base 5
-11322
Convert 195214 (base 13) to base 7.
5302651
What is -3331452 (base 7) in base 10?
-411147
Convert -3010223210 (base 4) to base 8.
-3045344
-16b15c (base 15) to base 5
-240204222
2113330131 (base 4) to base 3
1011121201120
112102102110 (base 3) to base 15
591b0
2554a (base 16) to base 9
252665
-12253242 (base 8) to base 16
-2956a2
-34874874 (base 9) to base 15
-175b081
What is -25201322 (base 6) in base 12?
-330242
-11231313 (base 4) to base 5
-1222130
Convert -4b67 (base 15) to base 14.
-5c00
Convert -247617 (base 9) to base 8.
-444673
What is -148892 (base 11) in base 6?
-4542552
Convert -13462036 (base 8) to base 4.
-23212100132
What is 241301432 (base 5) in base 13?
302434
What is -25511516 (base 7) in base 2?
-1000110110111111000000
Convert -34042553 (base 6) to base 7.
-11526336
815320 (base 11) to base 7
14064334
Convert 194a614 (base 11) to base 14.
61a439
What is -56106 (base 14) in base 12?
-a0976
What is -12021212201 (base 3) in base 16?
-196de
-4105265 (base 9) to base 13
-5b829c
4241003 (base 5) to base 10
71378
Convert 22054 (base 10) to base 2.
101011000100110
Convert -2a92037 (base 11) to base 7.
-62643132
What is 32433 (base 8) in base 6?
142535
Convert 830935 (base 11) to base 10.
1333458
14c5 (base 16) to base 4
1103011
Convert 434203 (base 7) to base 13.
2871a
Convert -1124767 (base 8) to base 2.
-1001010100111110111
What is 3654d9 (base 14) in base 15?
26aaad
What is 2746763 (base 8) in base 13?
211182
Convert 55433425 (base 7) to base 10.
4781635
33233144 (base 5) to base 6
10113355
What is 200002222110 (base 3) in base 5?
42401331
What is -20210332 (base 5) in base 13?
-593a2
What is -21022211002 (base 3) in base 7?
-1140302
What is 120002211102102 (base 3) in base 9?
16084372
What is -4264223 (base 7) in base 12?
-210b9b
What is -35302334 (base 8) in base 12?
-26b5024
-302211331 (base 4) to base 6
-4235221
What is 52c6c0 (base 14) in base 5?
1204101344
Convert 101010000010100100 (base 2) to base 3.
22202012122
What is 4433609 (base 10) in base 3?
22100020202202
15b94d (base 15) to base 11
6591a2
What is -3363242 (base 7) in base 16?
-66473
What is 10e891 (base 15) in base 4?
3011121301
-a71323 (base 16) to base 11
-61a9500
2104467 (base 9) to base 11
6a9449
What is -73dcac (base 15) in base 8?
-25021775
Convert 448e87 (base 16) to base 14.
84d51d
What is 50c329 (base 13) in base 15?
273081
What is -b3262 (base 12) in base 6?
-5001402
What is 295574 (base 10) in base 6?
10200222
15566 (base 8) to base 3
100122101
Convert 423a2a (base 11) to base 2.
10100101101101000001
36286 (base 9) to base 15
72ec
What is -7660772 (base 10) in base 8?
-35162344
What is -8e132 (base 16) in base 7?
-4642420
What is 4a284 (base 16) in base 9?
512587
What is -1000011110001100100010 (base 2) in base 6?
-115333350
Convert 2b7df (base 16) to base 4.
223133133
Convert -123362 (base 13) to base 2.
-1101010010110001001
-30b4b (base 15) to base 2
-100101101100110101
What is 5643060 (base 7) in base 9?
1275803
Convert -5c9121 (base 13) to base 12.
-8b02a6
What is 226a54 (base 13) in base 16?
c6e39
What is 155789 (base 11) in base 6?
5103411
Convert 6a910 (base 14) to base 5.
31302324
-10c4b1 (base 16) to base 4
-10030102301
Convert -422113114 (base 5) to base 8.
-6542057
2553144 (base 6) to base 11
957a3
Convert 565c (base 15) to base 3.
221010020
Convert -1022112121010001 (base 3) to base 12.
-63aa4a7
-10010000010011100 (base 2) to base 12
-36910
306abd (base 16) to base 3
12222012121111
What is -b2403c (base 14) in base 16?
-5b9cd6
What is -1130232 (base 6) in base 10?
-58412
What is 79104 (base 15) in base 13?
1062ca
What is 893222 (base 14) in base 16?
470f5e
What is -4060702 (base 11) in base 12?
-24a01b7
What is -706604 (base 11) in base 7?
-12441111
10333031312 (base 4) to base 16
13f376
844610 (base 12) to base 11
11a1861
3c56a4 (base 15) to base 9
5415481
What is 1404141414 (base 6) in base 12?
583786a
What is -12103 (base 10) in base 5?
-341403
What is -a868a (base 16) in base 2?
-10101000011010001010
What is -38403 (base 11) in base 2?
-1101011100010010
-293914 (base 11) to base 12
-1a1734
What is -216556 (base 9) in base 5?
-13120424
Convert -40231046 (base 7) to base 11.
-1978a01
What is -22621002 (base 7) in base 15?
-294233
112212642 (base 7) to base 12
236a363
Convert -3602477 (base 10) to base 14.
-69abdb
What is 333263 (base 12) in base 3?
1112100221110
Convert -2240211223 (base 5) to base 3.
-100102101101210
-2212230330 (base 4) to base 7
-5542464
-44400144 (base 5) to base 7
-3202611
What is -12220020221 (base 3) in base 9?
-186227
Convert 180799 (base 14) to base 7.
10124252
171087 (base 13) to ba